{"id":1741,"date":"2022-02-12T14:15:43","date_gmt":"2022-02-12T14:15:43","guid":{"rendered":"https:\/\/ebf2.delsastre.com\/equipe\/"},"modified":"2025-01-17T01:49:36","modified_gmt":"2025-01-17T01:49:36","slug":"equipe","status":"publish","type":"page","link":"https:\/\/elevage-de-la-buise.fr\/trainingcenter\/equipe\/?lang=fr","title":{"rendered":"Filipe Freitas"},"content":{"rendered":"\t\t<div data-elementor-type=\"wp-page\" data-elementor-id=\"1741\" class=\"elementor elementor-1741 elementor-1729\" data-elementor-post-type=\"page\">\n\t\t\t\t\t\t<section class=\"elementor-section elementor-top-section elementor-element elementor-element-6f4ccdcc elementor-section-height-min-height elementor-section-items-bottom elementor-section-boxed elementor-section-height-default\" data-id=\"6f4ccdcc\" data-element_type=\"section\" data-settings=\"{&quot;background_background&quot;:&quot;classic&quot;,&quot;shape_divider_bottom&quot;:&quot;opacity-fan&quot;}\">\n\t\t\t\t\t\t\t<div class=\"elementor-background-overlay\"><\/div>\n\t\t\t\t\t\t<div class=\"elementor-shape elementor-shape-bottom\" data-negative=\"false\">\n\t\t\t<svg xmlns=\"http:\/\/www.w3.org\/2000\/svg\" viewBox=\"0 0 283.5 19.6\" preserveAspectRatio=\"none\">\n\t<path class=\"elementor-shape-fill\" style=\"opacity:0.33\" d=\"M0 0L0 18.8 141.8 4.1 283.5 18.8 283.5 0z\"\/>\n\t<path class=\"elementor-shape-fill\" style=\"opacity:0.33\" d=\"M0 0L0 12.6 141.8 4 283.5 12.6 283.5 0z\"\/>\n\t<path class=\"elementor-shape-fill\" style=\"opacity:0.33\" d=\"M0 0L0 6.4 141.8 4 283.5 6.4 283.5 0z\"\/>\n\t<path class=\"elementor-shape-fill\" d=\"M0 0L0 1.2 141.8 4 283.5 1.2 283.5 0z\"\/>\n<\/svg>\t\t<\/div>\n\t\t\t\t\t<div class=\"elementor-container elementor-column-gap-no\">\n\t\t\t\t\t<div class=\"elementor-column elementor-col-100 elementor-top-column elementor-element elementor-element-13339323\" data-id=\"13339323\" data-element_type=\"column\">\n\t\t\t<div class=\"elementor-widget-wrap elementor-element-populated\">\n\t\t\t\t\t\t\t<\/div>\n\t\t<\/div>\n\t\t\t\t\t<\/div>\n\t\t<\/section>\n\t\t\t\t<section class=\"elementor-section elementor-top-section elementor-element elementor-element-351b8a4c elementor-section-boxed elementor-section-height-default elementor-section-height-default\" data-id=\"351b8a4c\" data-element_type=\"section\" data-settings=\"{&quot;background_background&quot;:&quot;gradient&quot;}\">\n\t\t\t\t\t\t<div class=\"elementor-container elementor-column-gap-default\">\n\t\t\t\t\t<div class=\"elementor-column elementor-col-100 elementor-top-column elementor-element elementor-element-7092deba\" data-id=\"7092deba\" data-element_type=\"column\">\n\t\t\t<div class=\"elementor-widget-wrap elementor-element-populated\">\n\t\t\t\t\t\t<section class=\"elementor-section elementor-inner-section elementor-element elementor-element-d23f598 elementor-section-boxed elementor-section-height-default elementor-section-height-default\" data-id=\"d23f598\" data-element_type=\"section\">\n\t\t\t\t\t\t<div class=\"elementor-container elementor-column-gap-default\">\n\t\t\t\t\t<div class=\"elementor-column elementor-col-33 elementor-inner-column elementor-element elementor-element-d232af2\" data-id=\"d232af2\" data-element_type=\"column\">\n\t\t\t<div class=\"elementor-widget-wrap elementor-element-populated\">\n\t\t\t\t\t\t<div class=\"elementor-element elementor-element-46c3028 elementor-widget elementor-widget-image\" data-id=\"46c3028\" data-element_type=\"widget\" data-widget_type=\"image.default\">\n\t\t\t\t<div class=\"elementor-widget-container\">\n\t\t\t\t\t\t\t\t\t\t\t\t\t<img fetchpriority=\"high\" decoding=\"async\" width=\"768\" height=\"798\" src=\"https:\/\/elevage-de-la-buise.fr\/trainingcenter\/wp-content\/uploads\/2022\/02\/Filipe-768x798.jpg\" class=\"attachment-medium_large size-medium_large wp-image-1812\" alt=\"Filipe Freitas\" srcset=\"https:\/\/elevage-de-la-buise.fr\/trainingcenter\/wp-content\/uploads\/2022\/02\/Filipe-768x798.jpg 768w, https:\/\/elevage-de-la-buise.fr\/trainingcenter\/wp-content\/uploads\/2022\/02\/Filipe-289x300.jpg 289w, https:\/\/elevage-de-la-buise.fr\/trainingcenter\/wp-content\/uploads\/2022\/02\/Filipe.jpg 866w\" sizes=\"(max-width: 768px) 100vw, 768px\" \/>\t\t\t\t\t\t\t\t\t\t\t\t\t<\/div>\n\t\t\t\t<\/div>\n\t\t\t\t\t<\/div>\n\t\t<\/div>\n\t\t\t\t<div class=\"elementor-column elementor-col-66 elementor-inner-column elementor-element elementor-element-611c33e\" data-id=\"611c33e\" data-element_type=\"column\">\n\t\t\t<div class=\"elementor-widget-wrap elementor-element-populated\">\n\t\t\t\t\t\t<div class=\"elementor-element elementor-element-032691a elementor-widget elementor-widget-heading\" data-id=\"032691a\" data-element_type=\"widget\" data-widget_type=\"heading.default\">\n\t\t\t\t<div class=\"elementor-widget-container\">\n\t\t\t<h2 class=\"elementor-heading-title elementor-size-default\"><span style=\"font-family: Poppins, sans-serif;font-size: 20px\">Pr\u00e9sentation :<\/span><\/h2>\t\t<\/div>\n\t\t\t\t<\/div>\n\t\t\t\t<div class=\"elementor-element elementor-element-dded498 elementor-widget elementor-widget-text-editor\" data-id=\"dded498\" data-element_type=\"widget\" data-widget_type=\"text-editor.default\">\n\t\t\t\t<div class=\"elementor-widget-container\">\n\t\t\t\t\t\t\t<p>J\u2019ai connu l\u2019existence de l\u2019AMHA ( American Miniature Horse Association) en 2016; cette ann\u00e9e-l\u00e0 j\u2019\u00e9tais en charge de la construction des nouvelles installations de l\u2019Elevage de la Buise. C\u2019est pendant ce temps que je suis tomb\u00e9 amoureux des chevaux miniatures.<\/p><p><span style=\"background-color: transparent; color: var( --e-global-color-text );\">Mon int\u00e9r\u00eat pour les chevaux AMHA a grandi lorsque je regardais C\u00e9dric travailler et entrainer ses chevaux \u00e0 la ferme. Cela m\u2019a donn\u00e9 envie d\u2019acqu\u00e9rir mon premier cheval.\u00a0<\/span><\/p><p><span style=\"background-color: transparent; color: var( --e-global-color-text );\">L\u2019\u00e9t\u00e9 2017, je suis tomb\u00e9 en amour d\u2019un poulain nomm\u00e9 EBF John\u2019s POL Bright Horizon, ce cheval fut directement un poulain sp\u00e9cial \u00e0 mes yeux.<\/span><\/p><p><span style=\"background-color: transparent; color: var( --e-global-color-text );\">Avec un bon entrainement et la bonne pr\u00e9paration de C\u00e9dric j\u2019ai pens\u00e9 directement que ce poulain serait un champion. Je l\u2019ai pr\u00e9sent\u00e9 en amateur en 2018,2019 et 2020. Il a gagn\u00e9 de nombreux titres de Supr\u00eame Champion dans la plupart des concours o\u00f9 il est all\u00e9.<\/span><\/p><p><span style=\"background-color: transparent; color: var( --e-global-color-text );\">Mon d\u00e9sir de pr\u00e9senter des chevaux en concours a continu\u00e9 d\u2019augmenter, et en 2021 je suis devenu entraineur professionnel. J\u2019ai depuis gagner de nombreux titres de Grands et Supr\u00eame Champions avec des chevaux en entrainement. En 2023 et 2024 j\u2019\u00e9tais l\u2019entraineur et le pr\u00e9sentateur du cheval qui a deux ann\u00e9es de suite gagner le titre de meilleur cheval d\u2019Europe AMHA.<\/span><\/p><p><span style=\"background-color: transparent; color: var( --e-global-color-text );\">En 2022, l\u2019AMHA m\u2019a propos\u00e9 de devenir le responsable AMHA pour la France et j\u2019ai accept\u00e9. J\u2019ai h\u00e2te d\u2019aider les gens qui ont des probl\u00e8mes de papiers AMHA \u00e0 r\u00e9gler leurs soucis en liaison avec l\u2019AMHA aux USA.<\/span><\/p><p><span style=\"background-color: transparent; color: var( --e-global-color-text );\">\u00a0<\/span><\/p><p><span style=\"background-color: transparent; color: var( --e-global-color-text );\">Filipe Freitas<\/span><\/p><p>&#8212;&#8212;&#8212;&#8212;&#8212;&#8212;&#8212;&#8212;&#8212;&#8212;&#8212;&#8211;<br \/><span style=\"background-color: transparent; color: var( --e-global-color-text );\">Entra\u00eeneur de chevaux miniatures<br \/><\/span><span style=\"background-color: transparent; color: var( --e-global-color-text );\">AMHA directeur honoraire international France<br \/><\/span><span style=\"background-color: transparent; color: var( --e-global-color-text );\">Juge AMHA<br \/><\/span><span style=\"background-color: transparent; color: var( --e-global-color-text );\">Membre du bureau de l\u2019AMHA France\u00a0<br \/><\/span><span style=\"background-color: transparent; color: var( --e-global-color-text );\">Propri\u00e9taire de chevaux miniatures<\/span><\/p><div>\u00a0<\/div>\t\t\t\t\t\t<\/div>\n\t\t\t\t<\/div>\n\t\t\t\t\t<\/div>\n\t\t<\/div>\n\t\t\t\t\t<\/div>\n\t\t<\/section>\n\t\t\t\t<div class=\"elementor-element elementor-element-6139b32 elementor-widget-divider--view-line_icon elementor-view-default elementor-widget-divider--element-align-center elementor-widget elementor-widget-divider\" data-id=\"6139b32\" data-element_type=\"widget\" data-widget_type=\"divider.default\">\n\t\t\t\t<div class=\"elementor-widget-container\">\n\t\t\t\t\t<div class=\"elementor-divider\">\n\t\t\t<span class=\"elementor-divider-separator\">\n\t\t\t\t\t\t\t<div class=\"elementor-icon elementor-divider__element\">\n\t\t\t\t\t<svg xmlns=\"http:\/\/www.w3.org\/2000\/svg\" xmlns:xlink=\"http:\/\/www.w3.org\/1999\/xlink\" id=\"Layer_1\" x=\"0px\" y=\"0px\" viewBox=\"0 0 121 44\" style=\"enable-background:new 0 0 121 44;\" xml:space=\"preserve\"><g>\t<path d=\"M120.2,22.5c-1.4-7.7-12.4-22.3-44.6-21.9C43.3,0.9,28.1,11.8,26.3,22.8c-1.8,11,8.5,12.4,8.5,12.4  c7.4-8.9,38.6-25.8,45.7-27.3c7.1-1.4,7.8,0,7.8,0c-3.9,0.7-12.4,5-20.2,10.6C60.3,24.2,44,36.6,30.2,38.7  c-13.8,2.1-19.5-0.4-23.7-5.7c-4.3-5.3,0.7-10.6,4.2-9.6c3.5,1.1-2.1,4.7,3.2,5.7c3.9,0.7,4.2-3.9,4.2-3.9c0.7-4.3-2.1-6.4-6-7.1  c-3.9-0.7-9.9,0.7-11.3,6.7c-1.4,6,0.4,15.2,17,18.1c16.6,2.8,31.2-6.7,43.9-13.5C74.5,22.8,91.1,9,102.5,10.8  c11.3,1.8,13.8,9.2,13.8,14.2c0,5-2.1,10.6-9.2,10.3c-7.1-0.4-6-5.7-5-7.4c1.1-1.8,2.5-2.8,0-3.9c-2.5-1.1-6.7,0.4-8.9,3.9  c-2.1,3.5-1.1,15.1,12.7,15.6C117.3,43.7,121.9,32,120.2,22.5z\"><\/path><\/g><\/svg><\/div>\n\t\t\t\t\t\t<\/span>\n\t\t<\/div>\n\t\t\t\t<\/div>\n\t\t\t\t<\/div>\n\t\t\t\t<section class=\"elementor-section elementor-inner-section elementor-element elementor-element-18da238 elementor-section-boxed elementor-section-height-default elementor-section-height-default\" data-id=\"18da238\" data-element_type=\"section\">\n\t\t\t\t\t\t<div class=\"elementor-container elementor-column-gap-default\">\n\t\t\t\t\t<div class=\"elementor-column elementor-col-100 elementor-inner-column elementor-element elementor-element-a36ad10\" data-id=\"a36ad10\" data-element_type=\"column\">\n\t\t\t<div class=\"elementor-widget-wrap\">\n\t\t\t\t\t\t\t<\/div>\n\t\t<\/div>\n\t\t\t\t\t<\/div>\n\t\t<\/section>\n\t\t\t\t\t<\/div>\n\t\t<\/div>\n\t\t\t\t\t<\/div>\n\t\t<\/section>\n\t\t\t\t<\/div>\n\t\t","protected":false},"excerpt":{"rendered":"<p>Pr\u00e9sentation : J\u2019ai connu l\u2019existence de l\u2019AMHA ( American Miniature Horse Association) en 2016; cette ann\u00e9e-l\u00e0 j\u2019\u00e9tais en charge de la construction des nouvelles installations de l\u2019Elevage de la Buise. C\u2019est pendant ce temps que je suis tomb\u00e9 amoureux des chevaux miniatures. Mon int\u00e9r\u00eat pour les chevaux AMHA a grandi lorsque je regardais C\u00e9dric travailler &#8230; <a title=\"Filipe Freitas\" class=\"read-more\" href=\"https:\/\/elevage-de-la-buise.fr\/trainingcenter\/equipe\/?lang=fr\" aria-label=\"Read more about Filipe Freitas\">Read more<\/a><\/p>\n","protected":false},"author":1,"featured_media":0,"parent":0,"menu_order":0,"comment_status":"closed","ping_status":"closed","template":"elementor_header_footer","meta":{"footnotes":""},"class_list":["post-1741","page","type-page","status-publish"],"yoast_head":"<!-- This site is optimized with the Yoast SEO plugin v23.9 - https:\/\/yoast.com\/wordpress\/plugins\/seo\/ -->\n<title>Filipe Freitas - EBF Training Center<\/title>\n<meta name=\"robots\" content=\"index, follow, max-snippet:-1, max-image-preview:large, max-video-preview:-1\" \/>\n<link rel=\"canonical\" href=\"https:\/\/elevage-de-la-buise.fr\/trainingcenter\/?lang=fr\" \/>\n<meta property=\"og:locale\" content=\"en_US\" \/>\n<meta property=\"og:type\" content=\"article\" \/>\n<meta property=\"og:title\" content=\"Filipe Freitas - EBF Training Center\" \/>\n<meta property=\"og:description\" content=\"Pr\u00e9sentation : J\u2019ai connu l\u2019existence de l\u2019AMHA ( American Miniature Horse Association) en 2016; cette ann\u00e9e-l\u00e0 j\u2019\u00e9tais en charge de la construction des nouvelles installations de l\u2019Elevage de la Buise. C\u2019est pendant ce temps que je suis tomb\u00e9 amoureux des chevaux miniatures. Mon int\u00e9r\u00eat pour les chevaux AMHA a grandi lorsque je regardais C\u00e9dric travailler ... Read more\" \/>\n<meta property=\"og:url\" content=\"https:\/\/elevage-de-la-buise.fr\/trainingcenter\/?lang=fr\" \/>\n<meta property=\"og:site_name\" content=\"EBF Training Center\" \/>\n<meta property=\"article:publisher\" content=\"https:\/\/www.facebook.com\/profile.php?id=100008115105626\" \/>\n<meta property=\"article:modified_time\" content=\"2025-01-17T01:49:36+00:00\" \/>\n<meta property=\"og:image\" content=\"https:\/\/elevage-de-la-buise.fr\/trainingcenter\/wp-content\/uploads\/2022\/02\/Filipe.jpg\" \/>\n\t<meta property=\"og:image:width\" content=\"866\" \/>\n\t<meta property=\"og:image:height\" content=\"900\" \/>\n\t<meta property=\"og:image:type\" content=\"image\/jpeg\" \/>\n<meta name=\"twitter:card\" content=\"summary_large_image\" \/>\n<meta name=\"twitter:label1\" content=\"Est. reading time\" \/>\n\t<meta name=\"twitter:data1\" content=\"2 minutes\" \/>\n<script type=\"application\/ld+json\" class=\"yoast-schema-graph\">{\"@context\":\"https:\/\/schema.org\",\"@graph\":[{\"@type\":\"WebPage\",\"@id\":\"https:\/\/elevage-de-la-buise.fr\/trainingcenter\/?lang=fr\",\"url\":\"https:\/\/elevage-de-la-buise.fr\/trainingcenter\/?lang=fr\",\"name\":\"Filipe Freitas - EBF Training Center\",\"isPartOf\":{\"@id\":\"https:\/\/elevage-de-la-buise.fr\/trainingcenter\/#website\"},\"primaryImageOfPage\":{\"@id\":\"https:\/\/elevage-de-la-buise.fr\/trainingcenter\/?lang=fr#primaryimage\"},\"image\":{\"@id\":\"https:\/\/elevage-de-la-buise.fr\/trainingcenter\/?lang=fr#primaryimage\"},\"thumbnailUrl\":\"https:\/\/elevage-de-la-buise.fr\/trainingcenter\/wp-content\/uploads\/2022\/02\/Filipe-768x798.jpg\",\"datePublished\":\"2022-02-12T14:15:43+00:00\",\"dateModified\":\"2025-01-17T01:49:36+00:00\",\"breadcrumb\":{\"@id\":\"https:\/\/elevage-de-la-buise.fr\/trainingcenter\/?lang=fr#breadcrumb\"},\"inLanguage\":\"en-US\",\"potentialAction\":[{\"@type\":\"ReadAction\",\"target\":[\"https:\/\/elevage-de-la-buise.fr\/trainingcenter\/?lang=fr\"]}]},{\"@type\":\"ImageObject\",\"inLanguage\":\"en-US\",\"@id\":\"https:\/\/elevage-de-la-buise.fr\/trainingcenter\/?lang=fr#primaryimage\",\"url\":\"https:\/\/elevage-de-la-buise.fr\/trainingcenter\/wp-content\/uploads\/2022\/02\/Filipe.jpg\",\"contentUrl\":\"https:\/\/elevage-de-la-buise.fr\/trainingcenter\/wp-content\/uploads\/2022\/02\/Filipe.jpg\",\"width\":866,\"height\":900,\"caption\":\"Filipe Freitas\"},{\"@type\":\"BreadcrumbList\",\"@id\":\"https:\/\/elevage-de-la-buise.fr\/trainingcenter\/?lang=fr#breadcrumb\",\"itemListElement\":[{\"@type\":\"ListItem\",\"position\":1,\"name\":\"Home\",\"item\":\"https:\/\/elevage-de-la-buise.fr\/trainingcenter\/\"},{\"@type\":\"ListItem\",\"position\":2,\"name\":\"Filipe Freitas\"}]},{\"@type\":\"WebSite\",\"@id\":\"https:\/\/elevage-de-la-buise.fr\/trainingcenter\/#website\",\"url\":\"https:\/\/elevage-de-la-buise.fr\/trainingcenter\/\",\"name\":\"Elevage de la Buise\",\"description\":\"EBF Training, Showing, Stabling, Photoshoots &amp; transportation\",\"publisher\":{\"@id\":\"https:\/\/elevage-de-la-buise.fr\/trainingcenter\/#organization\"},\"potentialAction\":[{\"@type\":\"SearchAction\",\"target\":{\"@type\":\"EntryPoint\",\"urlTemplate\":\"https:\/\/elevage-de-la-buise.fr\/trainingcenter\/?s={search_term_string}\"},\"query-input\":{\"@type\":\"PropertyValueSpecification\",\"valueRequired\":true,\"valueName\":\"search_term_string\"}}],\"inLanguage\":\"en-US\"},{\"@type\":\"Organization\",\"@id\":\"https:\/\/elevage-de-la-buise.fr\/trainingcenter\/#organization\",\"name\":\"Elevage de la Buise - Miniature Horses\",\"url\":\"https:\/\/elevage-de-la-buise.fr\/trainingcenter\/\",\"logo\":{\"@type\":\"ImageObject\",\"inLanguage\":\"en-US\",\"@id\":\"https:\/\/elevage-de-la-buise.fr\/trainingcenter\/#\/schema\/logo\/image\/\",\"url\":\"https:\/\/elevage-de-la-buise.fr\/trainingcenter\/wp-content\/uploads\/2022\/02\/cropped-ebftc-nao-selecionado-2.png\",\"contentUrl\":\"https:\/\/elevage-de-la-buise.fr\/trainingcenter\/wp-content\/uploads\/2022\/02\/cropped-ebftc-nao-selecionado-2.png\",\"width\":649,\"height\":579,\"caption\":\"Elevage de la Buise - Miniature Horses\"},\"image\":{\"@id\":\"https:\/\/elevage-de-la-buise.fr\/trainingcenter\/#\/schema\/logo\/image\/\"},\"sameAs\":[\"https:\/\/www.facebook.com\/profile.php?id=100008115105626\",\"https:\/\/www.instagram.com\/ebftrainingcenter?utm_source=ig_web_button_share_sheet&igsh=ZDNlZDc0MzIxNw==\"]}]}<\/script>\n<!-- \/ Yoast SEO plugin. -->","yoast_head_json":{"title":"Filipe Freitas - EBF Training Center","robots":{"index":"index","follow":"follow","max-snippet":"max-snippet:-1","max-image-preview":"max-image-preview:large","max-video-preview":"max-video-preview:-1"},"canonical":"https:\/\/elevage-de-la-buise.fr\/trainingcenter\/?lang=fr","og_locale":"en_US","og_type":"article","og_title":"Filipe Freitas - EBF Training Center","og_description":"Pr\u00e9sentation : J\u2019ai connu l\u2019existence de l\u2019AMHA ( American Miniature Horse Association) en 2016; cette ann\u00e9e-l\u00e0 j\u2019\u00e9tais en charge de la construction des nouvelles installations de l\u2019Elevage de la Buise. C\u2019est pendant ce temps que je suis tomb\u00e9 amoureux des chevaux miniatures. Mon int\u00e9r\u00eat pour les chevaux AMHA a grandi lorsque je regardais C\u00e9dric travailler ... Read more","og_url":"https:\/\/elevage-de-la-buise.fr\/trainingcenter\/?lang=fr","og_site_name":"EBF Training Center","article_publisher":"https:\/\/www.facebook.com\/profile.php?id=100008115105626","article_modified_time":"2025-01-17T01:49:36+00:00","og_image":[{"width":866,"height":900,"url":"https:\/\/elevage-de-la-buise.fr\/trainingcenter\/wp-content\/uploads\/2022\/02\/Filipe.jpg","type":"image\/jpeg"}],"twitter_card":"summary_large_image","twitter_misc":{"Est. reading time":"2 minutes"},"schema":{"@context":"https:\/\/schema.org","@graph":[{"@type":"WebPage","@id":"https:\/\/elevage-de-la-buise.fr\/trainingcenter\/?lang=fr","url":"https:\/\/elevage-de-la-buise.fr\/trainingcenter\/?lang=fr","name":"Filipe Freitas - EBF Training Center","isPartOf":{"@id":"https:\/\/elevage-de-la-buise.fr\/trainingcenter\/#website"},"primaryImageOfPage":{"@id":"https:\/\/elevage-de-la-buise.fr\/trainingcenter\/?lang=fr#primaryimage"},"image":{"@id":"https:\/\/elevage-de-la-buise.fr\/trainingcenter\/?lang=fr#primaryimage"},"thumbnailUrl":"https:\/\/elevage-de-la-buise.fr\/trainingcenter\/wp-content\/uploads\/2022\/02\/Filipe-768x798.jpg","datePublished":"2022-02-12T14:15:43+00:00","dateModified":"2025-01-17T01:49:36+00:00","breadcrumb":{"@id":"https:\/\/elevage-de-la-buise.fr\/trainingcenter\/?lang=fr#breadcrumb"},"inLanguage":"en-US","potentialAction":[{"@type":"ReadAction","target":["https:\/\/elevage-de-la-buise.fr\/trainingcenter\/?lang=fr"]}]},{"@type":"ImageObject","inLanguage":"en-US","@id":"https:\/\/elevage-de-la-buise.fr\/trainingcenter\/?lang=fr#primaryimage","url":"https:\/\/elevage-de-la-buise.fr\/trainingcenter\/wp-content\/uploads\/2022\/02\/Filipe.jpg","contentUrl":"https:\/\/elevage-de-la-buise.fr\/trainingcenter\/wp-content\/uploads\/2022\/02\/Filipe.jpg","width":866,"height":900,"caption":"Filipe Freitas"},{"@type":"BreadcrumbList","@id":"https:\/\/elevage-de-la-buise.fr\/trainingcenter\/?lang=fr#breadcrumb","itemListElement":[{"@type":"ListItem","position":1,"name":"Home","item":"https:\/\/elevage-de-la-buise.fr\/trainingcenter\/"},{"@type":"ListItem","position":2,"name":"Filipe Freitas"}]},{"@type":"WebSite","@id":"https:\/\/elevage-de-la-buise.fr\/trainingcenter\/#website","url":"https:\/\/elevage-de-la-buise.fr\/trainingcenter\/","name":"Elevage de la Buise","description":"EBF Training, Showing, Stabling, Photoshoots &amp; transportation","publisher":{"@id":"https:\/\/elevage-de-la-buise.fr\/trainingcenter\/#organization"},"potentialAction":[{"@type":"SearchAction","target":{"@type":"EntryPoint","urlTemplate":"https:\/\/elevage-de-la-buise.fr\/trainingcenter\/?s={search_term_string}"},"query-input":{"@type":"PropertyValueSpecification","valueRequired":true,"valueName":"search_term_string"}}],"inLanguage":"en-US"},{"@type":"Organization","@id":"https:\/\/elevage-de-la-buise.fr\/trainingcenter\/#organization","name":"Elevage de la Buise - Miniature Horses","url":"https:\/\/elevage-de-la-buise.fr\/trainingcenter\/","logo":{"@type":"ImageObject","inLanguage":"en-US","@id":"https:\/\/elevage-de-la-buise.fr\/trainingcenter\/#\/schema\/logo\/image\/","url":"https:\/\/elevage-de-la-buise.fr\/trainingcenter\/wp-content\/uploads\/2022\/02\/cropped-ebftc-nao-selecionado-2.png","contentUrl":"https:\/\/elevage-de-la-buise.fr\/trainingcenter\/wp-content\/uploads\/2022\/02\/cropped-ebftc-nao-selecionado-2.png","width":649,"height":579,"caption":"Elevage de la Buise - Miniature Horses"},"image":{"@id":"https:\/\/elevage-de-la-buise.fr\/trainingcenter\/#\/schema\/logo\/image\/"},"sameAs":["https:\/\/www.facebook.com\/profile.php?id=100008115105626","https:\/\/www.instagram.com\/ebftrainingcenter?utm_source=ig_web_button_share_sheet&igsh=ZDNlZDc0MzIxNw=="]}]}},"_links":{"self":[{"href":"https:\/\/elevage-de-la-buise.fr\/trainingcenter\/wp-json\/wp\/v2\/pages\/1741","targetHints":{"allow":["GET"]}}],"collection":[{"href":"https:\/\/elevage-de-la-buise.fr\/trainingcenter\/wp-json\/wp\/v2\/pages"}],"about":[{"href":"https:\/\/elevage-de-la-buise.fr\/trainingcenter\/wp-json\/wp\/v2\/types\/page"}],"author":[{"embeddable":true,"href":"https:\/\/elevage-de-la-buise.fr\/trainingcenter\/wp-json\/wp\/v2\/users\/1"}],"replies":[{"embeddable":true,"href":"https:\/\/elevage-de-la-buise.fr\/trainingcenter\/wp-json\/wp\/v2\/comments?post=1741"}],"version-history":[{"count":29,"href":"https:\/\/elevage-de-la-buise.fr\/trainingcenter\/wp-json\/wp\/v2\/pages\/1741\/revisions"}],"predecessor-version":[{"id":5993,"href":"https:\/\/elevage-de-la-buise.fr\/trainingcenter\/wp-json\/wp\/v2\/pages\/1741\/revisions\/5993"}],"wp:attachment":[{"href":"https:\/\/elevage-de-la-buise.fr\/trainingcenter\/wp-json\/wp\/v2\/media?parent=1741"}],"curies":[{"name":"wp","href":"https:\/\/api.w.org\/{rel}","templated":true}]}}