{"id":5722,"date":"2024-11-28T22:03:18","date_gmt":"2024-11-28T21:03:18","guid":{"rendered":"https:\/\/elevage-de-la-buise.fr\/lemondedesminis\/?page_id=5722"},"modified":"2024-12-07T02:31:28","modified_gmt":"2024-12-07T01:31:28","slug":"visite-delevage","status":"publish","type":"page","link":"https:\/\/elevage-de-la-buise.fr\/lemondedesminis\/visite-delevage\/","title":{"rendered":"Visite d&rsquo;\u00e9levage"},"content":{"rendered":"\t\t<div data-elementor-type=\"wp-page\" data-elementor-id=\"5722\" class=\"elementor elementor-5722\">\n\t\t\t\t\t\t<section class=\"elementor-section elementor-top-section elementor-element elementor-element-66e6add2 elementor-section-height-min-height elementor-section-items-bottom elementor-section-boxed elementor-section-height-default\" data-id=\"66e6add2\" data-element_type=\"section\" data-settings=\"{&quot;background_background&quot;:&quot;classic&quot;,&quot;shape_divider_bottom&quot;:&quot;opacity-fan&quot;}\">\n\t\t\t\t\t\t\t<div class=\"elementor-background-overlay\"><\/div>\n\t\t\t\t\t\t<div class=\"elementor-shape elementor-shape-bottom\" aria-hidden=\"true\" data-negative=\"false\">\n\t\t\t<svg xmlns=\"http:\/\/www.w3.org\/2000\/svg\" viewBox=\"0 0 283.5 19.6\" preserveAspectRatio=\"none\">\n\t<path class=\"elementor-shape-fill\" style=\"opacity:0.33\" d=\"M0 0L0 18.8 141.8 4.1 283.5 18.8 283.5 0z\"\/>\n\t<path class=\"elementor-shape-fill\" style=\"opacity:0.33\" d=\"M0 0L0 12.6 141.8 4 283.5 12.6 283.5 0z\"\/>\n\t<path class=\"elementor-shape-fill\" style=\"opacity:0.33\" d=\"M0 0L0 6.4 141.8 4 283.5 6.4 283.5 0z\"\/>\n\t<path class=\"elementor-shape-fill\" d=\"M0 0L0 1.2 141.8 4 283.5 1.2 283.5 0z\"\/>\n<\/svg>\t\t<\/div>\n\t\t\t\t\t<div class=\"elementor-container elementor-column-gap-no\">\n\t\t\t\t\t<div class=\"elementor-column elementor-col-100 elementor-top-column elementor-element elementor-element-31ebf1ed\" data-id=\"31ebf1ed\" data-element_type=\"column\">\n\t\t\t<div class=\"elementor-widget-wrap\">\n\t\t\t\t\t\t\t<\/div>\n\t\t<\/div>\n\t\t\t\t\t<\/div>\n\t\t<\/section>\n\t\t\t\t<section class=\"elementor-section elementor-top-section elementor-element elementor-element-587b22f8 elementor-section-boxed elementor-section-height-default elementor-section-height-default\" data-id=\"587b22f8\" data-element_type=\"section\" data-settings=\"{&quot;background_background&quot;:&quot;gradient&quot;}\">\n\t\t\t\t\t\t<div class=\"elementor-container elementor-column-gap-default\">\n\t\t\t\t\t<div class=\"elementor-column elementor-col-100 elementor-top-column elementor-element elementor-element-7d645fc\" data-id=\"7d645fc\" data-element_type=\"column\">\n\t\t\t<div class=\"elementor-widget-wrap elementor-element-populated\">\n\t\t\t\t\t\t<div class=\"elementor-element elementor-element-7519adf1 elementor-widget elementor-widget-heading\" data-id=\"7519adf1\" data-element_type=\"widget\" data-widget_type=\"heading.default\">\n\t\t\t\t<div class=\"elementor-widget-container\">\n\t\t\t\t\t<h1 class=\"elementor-heading-title elementor-size-default\">Visites d'\u00c9levage<\/h1>\t\t\t\t<\/div>\n\t\t\t\t<\/div>\n\t\t\t\t<div class=\"elementor-element elementor-element-e538344 elementor-widget-divider--view-line elementor-widget elementor-widget-divider\" data-id=\"e538344\" data-element_type=\"widget\" data-widget_type=\"divider.default\">\n\t\t\t\t<div class=\"elementor-widget-container\">\n\t\t\t\t\t\t\t<div class=\"elementor-divider\">\n\t\t\t<span class=\"elementor-divider-separator\">\n\t\t\t\t\t\t<\/span>\n\t\t<\/div>\n\t\t\t\t\t\t<\/div>\n\t\t\t\t<\/div>\n\t\t\t\t<div class=\"elementor-element elementor-element-731b8f40 elementor-widget elementor-widget-heading\" data-id=\"731b8f40\" data-element_type=\"widget\" data-widget_type=\"heading.default\">\n\t\t\t\t<div class=\"elementor-widget-container\">\n\t\t\t\t\t<p class=\"elementor-heading-title elementor-size-default\">Pour familles, \u00e9coles, centres a\u00e9r\u00e9s, groupes, Ehpad\n<\/p>\t\t\t\t<\/div>\n\t\t\t\t<\/div>\n\t\t\t\t<div class=\"elementor-element elementor-element-3f5547e elementor-widget__width-inherit elementor-arrows-position-inside elementor-pagination-position-outside elementor-widget elementor-widget-image-carousel\" data-id=\"3f5547e\" data-element_type=\"widget\" data-settings=\"{&quot;lazyload&quot;:&quot;yes&quot;,&quot;navigation&quot;:&quot;both&quot;,&quot;autoplay&quot;:&quot;yes&quot;,&quot;pause_on_hover&quot;:&quot;yes&quot;,&quot;pause_on_interaction&quot;:&quot;yes&quot;,&quot;autoplay_speed&quot;:5000,&quot;infinite&quot;:&quot;yes&quot;,&quot;speed&quot;:500,&quot;image_spacing_custom&quot;:{&quot;unit&quot;:&quot;px&quot;,&quot;size&quot;:20,&quot;sizes&quot;:[]},&quot;image_spacing_custom_tablet&quot;:{&quot;unit&quot;:&quot;px&quot;,&quot;size&quot;:&quot;&quot;,&quot;sizes&quot;:[]},&quot;image_spacing_custom_mobile&quot;:{&quot;unit&quot;:&quot;px&quot;,&quot;size&quot;:&quot;&quot;,&quot;sizes&quot;:[]}}\" data-widget_type=\"image-carousel.default\">\n\t\t\t\t<div class=\"elementor-widget-container\">\n\t\t\t\t\t\t\t<div class=\"elementor-image-carousel-wrapper swiper\" role=\"region\" aria-roledescription=\"carousel\" aria-label=\"Carrousel d\u2019images\" dir=\"ltr\">\n\t\t\t<div class=\"elementor-image-carousel swiper-wrapper swiper-image-stretch\" aria-live=\"off\">\n\t\t\t\t\t\t\t\t<div class=\"swiper-slide\" role=\"group\" aria-roledescription=\"slide\" aria-label=\"1 sur 15\"><figure class=\"swiper-slide-inner\"><img class=\"swiper-slide-image swiper-lazy\" data-src=\"https:\/\/elevage-de-la-buise.fr\/lemondedesminis\/wp-content\/uploads\/2024\/12\/nova-1-1-768x512.jpg\" alt=\"nova 1\" \/><div class=\"swiper-lazy-preloader\"><\/div><\/figure><\/div><div class=\"swiper-slide\" role=\"group\" aria-roledescription=\"slide\" aria-label=\"2 sur 15\"><figure class=\"swiper-slide-inner\"><img class=\"swiper-slide-image swiper-lazy\" data-src=\"https:\/\/elevage-de-la-buise.fr\/lemondedesminis\/wp-content\/uploads\/2024\/11\/Imagem-WhatsApp-2024-11-25-as-11.24.43_233ced4b-768x578.jpg\" alt=\"Imagem WhatsApp 2024-11-25 \u00e0s 11.24.43_233ced4b\" \/><div class=\"swiper-lazy-preloader\"><\/div><\/figure><\/div><div class=\"swiper-slide\" role=\"group\" aria-roledescription=\"slide\" aria-label=\"3 sur 15\"><figure class=\"swiper-slide-inner\"><img class=\"swiper-slide-image swiper-lazy\" data-src=\"https:\/\/elevage-de-la-buise.fr\/lemondedesminis\/wp-content\/uploads\/2024\/11\/Imagem-WhatsApp-2024-11-25-as-11.24.47_1ec9c20c-768x1020.jpg\" alt=\"Imagem WhatsApp 2024-11-25 \u00e0s 11.24.47_1ec9c20c\" \/><div class=\"swiper-lazy-preloader\"><\/div><\/figure><\/div><div class=\"swiper-slide\" role=\"group\" aria-roledescription=\"slide\" aria-label=\"4 sur 15\"><figure class=\"swiper-slide-inner\"><img class=\"swiper-slide-image swiper-lazy\" data-src=\"https:\/\/elevage-de-la-buise.fr\/lemondedesminis\/wp-content\/uploads\/2024\/11\/Imagem-WhatsApp-2024-11-25-as-11.24.47_3a5103be-768x578.jpg\" alt=\"Imagem WhatsApp 2024-11-25 \u00e0s 11.24.47_3a5103be\" \/><div class=\"swiper-lazy-preloader\"><\/div><\/figure><\/div><div class=\"swiper-slide\" role=\"group\" aria-roledescription=\"slide\" aria-label=\"5 sur 15\"><figure class=\"swiper-slide-inner\"><img class=\"swiper-slide-image swiper-lazy\" data-src=\"https:\/\/elevage-de-la-buise.fr\/lemondedesminis\/wp-content\/uploads\/2024\/11\/Imagem-WhatsApp-2024-11-25-as-11.24.48_409aadb5-768x578.jpg\" alt=\"Imagem WhatsApp 2024-11-25 \u00e0s 11.24.48_409aadb5\" \/><div class=\"swiper-lazy-preloader\"><\/div><\/figure><\/div><div class=\"swiper-slide\" role=\"group\" aria-roledescription=\"slide\" aria-label=\"6 sur 15\"><figure class=\"swiper-slide-inner\"><img class=\"swiper-slide-image swiper-lazy\" data-src=\"https:\/\/elevage-de-la-buise.fr\/lemondedesminis\/wp-content\/uploads\/2024\/11\/Imagem-WhatsApp-2024-11-25-as-11.24.48_ff944a24-768x578.jpg\" alt=\"Imagem WhatsApp 2024-11-25 \u00e0s 11.24.48_ff944a24\" \/><div class=\"swiper-lazy-preloader\"><\/div><\/figure><\/div><div class=\"swiper-slide\" role=\"group\" aria-roledescription=\"slide\" aria-label=\"7 sur 15\"><figure class=\"swiper-slide-inner\"><img class=\"swiper-slide-image swiper-lazy\" data-src=\"https:\/\/elevage-de-la-buise.fr\/lemondedesminis\/wp-content\/uploads\/2024\/11\/Imagem-WhatsApp-2024-11-25-as-11.24.49_46f7dfe2-768x578.jpg\" alt=\"Imagem WhatsApp 2024-11-25 \u00e0s 11.24.49_46f7dfe2\" \/><div class=\"swiper-lazy-preloader\"><\/div><\/figure><\/div><div class=\"swiper-slide\" role=\"group\" aria-roledescription=\"slide\" aria-label=\"8 sur 15\"><figure class=\"swiper-slide-inner\"><img class=\"swiper-slide-image swiper-lazy\" data-src=\"https:\/\/elevage-de-la-buise.fr\/lemondedesminis\/wp-content\/uploads\/2024\/11\/Imagem-WhatsApp-2024-11-25-as-11.24.49_b65dc36f-768x1020.jpg\" alt=\"Imagem WhatsApp 2024-11-25 \u00e0s 11.24.49_b65dc36f\" \/><div class=\"swiper-lazy-preloader\"><\/div><\/figure><\/div><div class=\"swiper-slide\" role=\"group\" aria-roledescription=\"slide\" aria-label=\"9 sur 15\"><figure class=\"swiper-slide-inner\"><img class=\"swiper-slide-image swiper-lazy\" data-src=\"https:\/\/elevage-de-la-buise.fr\/lemondedesminis\/wp-content\/uploads\/2024\/11\/Imagem-WhatsApp-2024-11-25-as-11.24.50_491b359b-768x1361.jpg\" alt=\"Imagem WhatsApp 2024-11-25 \u00e0s 11.24.50_491b359b\" \/><div class=\"swiper-lazy-preloader\"><\/div><\/figure><\/div><div class=\"swiper-slide\" role=\"group\" aria-roledescription=\"slide\" aria-label=\"10 sur 15\"><figure class=\"swiper-slide-inner\"><img class=\"swiper-slide-image swiper-lazy\" data-src=\"https:\/\/elevage-de-la-buise.fr\/lemondedesminis\/wp-content\/uploads\/2024\/11\/Imagem-WhatsApp-2024-11-25-as-11.24.46_d4d79a2e-768x578.jpg\" alt=\"Imagem WhatsApp 2024-11-25 \u00e0s 11.24.46_d4d79a2e\" \/><div class=\"swiper-lazy-preloader\"><\/div><\/figure><\/div><div class=\"swiper-slide\" role=\"group\" aria-roledescription=\"slide\" aria-label=\"11 sur 15\"><figure class=\"swiper-slide-inner\"><img class=\"swiper-slide-image swiper-lazy\" data-src=\"https:\/\/elevage-de-la-buise.fr\/lemondedesminis\/wp-content\/uploads\/2024\/11\/Imagem-WhatsApp-2024-11-25-as-11.24.46_cb501f16-768x1020.jpg\" alt=\"Imagem WhatsApp 2024-11-25 \u00e0s 11.24.46_cb501f16\" \/><div class=\"swiper-lazy-preloader\"><\/div><\/figure><\/div><div class=\"swiper-slide\" role=\"group\" aria-roledescription=\"slide\" aria-label=\"12 sur 15\"><figure class=\"swiper-slide-inner\"><img class=\"swiper-slide-image swiper-lazy\" data-src=\"https:\/\/elevage-de-la-buise.fr\/lemondedesminis\/wp-content\/uploads\/2024\/11\/Imagem-WhatsApp-2024-11-25-as-11.24.45_75186ac0-768x578.jpg\" alt=\"Imagem WhatsApp 2024-11-25 \u00e0s 11.24.45_75186ac0\" \/><div class=\"swiper-lazy-preloader\"><\/div><\/figure><\/div><div class=\"swiper-slide\" role=\"group\" aria-roledescription=\"slide\" aria-label=\"13 sur 15\"><figure class=\"swiper-slide-inner\"><img class=\"swiper-slide-image swiper-lazy\" data-src=\"https:\/\/elevage-de-la-buise.fr\/lemondedesminis\/wp-content\/uploads\/2024\/11\/Imagem-WhatsApp-2024-11-25-as-11.24.44_da640ff7-768x578.jpg\" alt=\"Imagem WhatsApp 2024-11-25 \u00e0s 11.24.44_da640ff7\" \/><div class=\"swiper-lazy-preloader\"><\/div><\/figure><\/div><div class=\"swiper-slide\" role=\"group\" aria-roledescription=\"slide\" aria-label=\"14 sur 15\"><figure class=\"swiper-slide-inner\"><img class=\"swiper-slide-image swiper-lazy\" data-src=\"https:\/\/elevage-de-la-buise.fr\/lemondedesminis\/wp-content\/uploads\/2024\/11\/Imagem-WhatsApp-2024-11-25-as-11.24.45_48cff3c4-768x1020.jpg\" alt=\"Imagem WhatsApp 2024-11-25 \u00e0s 11.24.45_48cff3c4\" \/><div class=\"swiper-lazy-preloader\"><\/div><\/figure><\/div><div class=\"swiper-slide\" role=\"group\" aria-roledescription=\"slide\" aria-label=\"15 sur 15\"><figure class=\"swiper-slide-inner\"><img class=\"swiper-slide-image swiper-lazy\" data-src=\"https:\/\/elevage-de-la-buise.fr\/lemondedesminis\/wp-content\/uploads\/2024\/11\/Imagem-WhatsApp-2024-11-25-as-11.24.44_c8f9c4eb-768x578.jpg\" alt=\"Imagem WhatsApp 2024-11-25 \u00e0s 11.24.44_c8f9c4eb\" \/><div class=\"swiper-lazy-preloader\"><\/div><\/figure><\/div>\t\t\t<\/div>\n\t\t\t\t\t\t\t\t\t\t\t\t<div class=\"elementor-swiper-button elementor-swiper-button-prev\" role=\"button\" tabindex=\"0\">\n\t\t\t\t\t\t<i aria-hidden=\"true\" class=\"eicon-chevron-left\"><\/i>\t\t\t\t\t<\/div>\n\t\t\t\t\t<div class=\"elementor-swiper-button elementor-swiper-button-next\" role=\"button\" tabindex=\"0\">\n\t\t\t\t\t\t<i aria-hidden=\"true\" class=\"eicon-chevron-right\"><\/i>\t\t\t\t\t<\/div>\n\t\t\t\t\n\t\t\t\t\t\t\t\t\t<div class=\"swiper-pagination\"><\/div>\n\t\t\t\t\t\t\t\t\t<\/div>\n\t\t\t\t\t\t<\/div>\n\t\t\t\t<\/div>\n\t\t\t\t<div class=\"elementor-element elementor-element-5689b59 elementor-widget__width-initial elementor-widget-mobile__width-initial elementor-widget elementor-widget-video\" data-id=\"5689b59\" data-element_type=\"widget\" data-settings=\"{&quot;video_type&quot;:&quot;hosted&quot;,&quot;controls&quot;:&quot;yes&quot;}\" data-widget_type=\"video.default\">\n\t\t\t\t<div class=\"elementor-widget-container\">\n\t\t\t\t\t\t\t<div class=\"e-hosted-video elementor-wrapper elementor-open-inline\">\n\t\t\t\t\t<video class=\"elementor-video\" src=\"https:\/\/elevage-de-la-buise.fr\/lemondedesminis\/wp-content\/uploads\/2024\/11\/mascote2.mp4\" controls=\"\" preload=\"metadata\" controlsList=\"nodownload\"><\/video>\n\t\t\t\t<\/div>\n\t\t\t\t\t\t<\/div>\n\t\t\t\t<\/div>\n\t\t\t\t<div class=\"elementor-element elementor-element-c33ca9b elementor-widget-divider--view-line elementor-widget elementor-widget-divider\" data-id=\"c33ca9b\" data-element_type=\"widget\" data-widget_type=\"divider.default\">\n\t\t\t\t<div class=\"elementor-widget-container\">\n\t\t\t\t\t\t\t<div class=\"elementor-divider\">\n\t\t\t<span class=\"elementor-divider-separator\">\n\t\t\t\t\t\t<\/span>\n\t\t<\/div>\n\t\t\t\t\t\t<\/div>\n\t\t\t\t<\/div>\n\t\t\t\t<section class=\"elementor-section elementor-inner-section elementor-element elementor-element-d65c0f7 elementor-section-boxed elementor-section-height-default elementor-section-height-default\" data-id=\"d65c0f7\" data-element_type=\"section\" data-settings=\"{&quot;background_background&quot;:&quot;classic&quot;}\">\n\t\t\t\t\t\t<div class=\"elementor-container elementor-column-gap-default\">\n\t\t\t\t\t<div class=\"elementor-column elementor-col-100 elementor-inner-column elementor-element elementor-element-d30d79c\" data-id=\"d30d79c\" data-element_type=\"column\">\n\t\t\t<div class=\"elementor-widget-wrap elementor-element-populated\">\n\t\t\t\t\t\t<div class=\"elementor-element elementor-element-0ea19f3 elementor-widget elementor-widget-heading\" data-id=\"0ea19f3\" data-element_type=\"widget\" data-widget_type=\"heading.default\">\n\t\t\t\t<div class=\"elementor-widget-container\">\n\t\t\t\t\t<h3 class=\"elementor-heading-title elementor-size-default\">Prix<\/h3>\t\t\t\t<\/div>\n\t\t\t\t<\/div>\n\t\t\t\t<div class=\"elementor-element elementor-element-d7d8428 elementor-widget elementor-widget-text-editor\" data-id=\"d7d8428\" data-element_type=\"widget\" data-widget_type=\"text-editor.default\">\n\t\t\t\t<div class=\"elementor-widget-container\">\n\t\t\t\t\t\t\t\t\t<p>\u2022 8\u20ac par adult<\/p>\n<p>\u2022 14\u20ac par enfant<\/p>\t\t\t\t\t\t\t\t<\/div>\n\t\t\t\t<\/div>\n\t\t\t\t\t<\/div>\n\t\t<\/div>\n\t\t\t\t\t<\/div>\n\t\t<\/section>\n\t\t\t\t\t<\/div>\n\t\t<\/div>\n\t\t\t\t\t<\/div>\n\t\t<\/section>\n\t\t\t\t<\/div>\n\t\t","protected":false},"excerpt":{"rendered":"<p>Visites d&rsquo;\u00c9levage Pour familles, \u00e9coles, centres a\u00e9r\u00e9s, groupes, Ehpad https:\/\/elevage-de-la-buise.fr\/lemondedesminis\/wp-content\/uploads\/2024\/11\/mascote2.mp4 Prix \u2022 8\u20ac par adult \u2022 14\u20ac par enfant<\/p>\n","protected":false},"author":1,"featured_media":0,"parent":0,"menu_order":0,"comment_status":"closed","ping_status":"closed","template":"elementor_header_footer","meta":{"footnotes":""},"class_list":["post-5722","page","type-page","status-publish"],"yoast_head":"<!-- This site is optimized with the Yoast SEO Premium plugin v22.6 (Yoast SEO v25.5) - https:\/\/yoast.com\/wordpress\/plugins\/seo\/ -->\n<title>Visite d&#039;\u00e9levage - Le Monde des Minis<\/title>\n<meta name=\"robots\" content=\"index, follow, max-snippet:-1, max-image-preview:large, max-video-preview:-1\" \/>\n<link rel=\"canonical\" href=\"https:\/\/elevage-de-la-buise.fr\/lemondedesminis\/visite-delevage\/\" \/>\n<meta property=\"og:locale\" content=\"fr_FR\" \/>\n<meta property=\"og:type\" content=\"article\" \/>\n<meta property=\"og:title\" content=\"Visite d&#039;\u00e9levage\" \/>\n<meta property=\"og:description\" content=\"Visites d&rsquo;\u00c9levage Pour familles, \u00e9coles, centres a\u00e9r\u00e9s, groupes, Ehpad https:\/\/elevage-de-la-buise.fr\/lemondedesminis\/wp-content\/uploads\/2024\/11\/mascote2.mp4 Prix \u2022 8\u20ac par adult \u2022 14\u20ac par enfant\" \/>\n<meta property=\"og:url\" content=\"https:\/\/elevage-de-la-buise.fr\/lemondedesminis\/visite-delevage\/\" \/>\n<meta property=\"og:site_name\" content=\"Le Monde des Minis\" \/>\n<meta property=\"article:publisher\" content=\"https:\/\/www.facebook.com\/profile.php?id=100008115105626\" \/>\n<meta property=\"article:modified_time\" content=\"2024-12-07T01:31:28+00:00\" \/>\n<meta property=\"og:image\" content=\"https:\/\/elevage-de-la-buise.fr\/lemondedesminis\/wp-content\/uploads\/2024\/12\/nova-1-1-768x512.jpg\" \/>\n<meta name=\"twitter:card\" content=\"summary_large_image\" \/>\n<meta name=\"twitter:label1\" content=\"Dur\u00e9e de lecture estim\u00e9e\" \/>\n\t<meta name=\"twitter:data1\" content=\"5 minutes\" \/>\n<script type=\"application\/ld+json\" class=\"yoast-schema-graph\">{\"@context\":\"https:\/\/schema.org\",\"@graph\":[{\"@type\":\"WebPage\",\"@id\":\"https:\/\/elevage-de-la-buise.fr\/lemondedesminis\/visite-delevage\/\",\"url\":\"https:\/\/elevage-de-la-buise.fr\/lemondedesminis\/visite-delevage\/\",\"name\":\"Visite d'\u00e9levage - Le Monde des Minis\",\"isPartOf\":{\"@id\":\"https:\/\/elevage-de-la-buise.fr\/lemondedesminis\/#website\"},\"primaryImageOfPage\":{\"@id\":\"https:\/\/elevage-de-la-buise.fr\/lemondedesminis\/visite-delevage\/#primaryimage\"},\"image\":{\"@id\":\"https:\/\/elevage-de-la-buise.fr\/lemondedesminis\/visite-delevage\/#primaryimage\"},\"thumbnailUrl\":\"https:\/\/elevage-de-la-buise.fr\/lemondedesminis\/wp-content\/uploads\/2024\/12\/nova-1-1-768x512.jpg\",\"datePublished\":\"2024-11-28T21:03:18+00:00\",\"dateModified\":\"2024-12-07T01:31:28+00:00\",\"breadcrumb\":{\"@id\":\"https:\/\/elevage-de-la-buise.fr\/lemondedesminis\/visite-delevage\/#breadcrumb\"},\"inLanguage\":\"fr-FR\",\"potentialAction\":[{\"@type\":\"ReadAction\",\"target\":[\"https:\/\/elevage-de-la-buise.fr\/lemondedesminis\/visite-delevage\/\"]}]},{\"@type\":\"ImageObject\",\"inLanguage\":\"fr-FR\",\"@id\":\"https:\/\/elevage-de-la-buise.fr\/lemondedesminis\/visite-delevage\/#primaryimage\",\"url\":\"https:\/\/elevage-de-la-buise.fr\/lemondedesminis\/wp-content\/uploads\/2024\/12\/nova-1-1.jpg\",\"contentUrl\":\"https:\/\/elevage-de-la-buise.fr\/lemondedesminis\/wp-content\/uploads\/2024\/12\/nova-1-1.jpg\",\"width\":1600,\"height\":1066},{\"@type\":\"BreadcrumbList\",\"@id\":\"https:\/\/elevage-de-la-buise.fr\/lemondedesminis\/visite-delevage\/#breadcrumb\",\"itemListElement\":[{\"@type\":\"ListItem\",\"position\":1,\"name\":\"Home\",\"item\":\"https:\/\/elevage-de-la-buise.fr\/lemondedesminis\/\"},{\"@type\":\"ListItem\",\"position\":2,\"name\":\"Visite d&rsquo;\u00e9levage\"}]},{\"@type\":\"WebSite\",\"@id\":\"https:\/\/elevage-de-la-buise.fr\/lemondedesminis\/#website\",\"url\":\"https:\/\/elevage-de-la-buise.fr\/lemondedesminis\/\",\"name\":\"Elevage de la Buise\",\"description\":\"Le Monde des Minis\",\"publisher\":{\"@id\":\"https:\/\/elevage-de-la-buise.fr\/lemondedesminis\/#organization\"},\"potentialAction\":[{\"@type\":\"SearchAction\",\"target\":{\"@type\":\"EntryPoint\",\"urlTemplate\":\"https:\/\/elevage-de-la-buise.fr\/lemondedesminis\/?s={search_term_string}\"},\"query-input\":{\"@type\":\"PropertyValueSpecification\",\"valueRequired\":true,\"valueName\":\"search_term_string\"}}],\"inLanguage\":\"fr-FR\"},{\"@type\":\"Organization\",\"@id\":\"https:\/\/elevage-de-la-buise.fr\/lemondedesminis\/#organization\",\"name\":\"Elevage de la Buise - Miniature Horses\",\"url\":\"https:\/\/elevage-de-la-buise.fr\/lemondedesminis\/\",\"logo\":{\"@type\":\"ImageObject\",\"inLanguage\":\"fr-FR\",\"@id\":\"https:\/\/elevage-de-la-buise.fr\/lemondedesminis\/#\/schema\/logo\/image\/\",\"url\":\"https:\/\/elevage-de-la-buise.fr\/lemondedesminis\/wp-content\/uploads\/2024\/11\/logo_minis.png\",\"contentUrl\":\"https:\/\/elevage-de-la-buise.fr\/lemondedesminis\/wp-content\/uploads\/2024\/11\/logo_minis.png\",\"width\":500,\"height\":405,\"caption\":\"Elevage de la Buise - Miniature Horses\"},\"image\":{\"@id\":\"https:\/\/elevage-de-la-buise.fr\/lemondedesminis\/#\/schema\/logo\/image\/\"},\"sameAs\":[\"https:\/\/www.facebook.com\/profile.php?id=100008115105626\",\"https:\/\/www.instagram.com\/ebftrainingcenter?utm_source=ig_web_button_share_sheet&igsh=ZDNlZDc0MzIxNw==\"]}]}<\/script>\n<!-- \/ Yoast SEO Premium plugin. -->","yoast_head_json":{"title":"Visite d'\u00e9levage - Le Monde des Minis","robots":{"index":"index","follow":"follow","max-snippet":"max-snippet:-1","max-image-preview":"max-image-preview:large","max-video-preview":"max-video-preview:-1"},"canonical":"https:\/\/elevage-de-la-buise.fr\/lemondedesminis\/visite-delevage\/","og_locale":"fr_FR","og_type":"article","og_title":"Visite d'\u00e9levage","og_description":"Visites d&rsquo;\u00c9levage Pour familles, \u00e9coles, centres a\u00e9r\u00e9s, groupes, Ehpad https:\/\/elevage-de-la-buise.fr\/lemondedesminis\/wp-content\/uploads\/2024\/11\/mascote2.mp4 Prix \u2022 8\u20ac par adult \u2022 14\u20ac par enfant","og_url":"https:\/\/elevage-de-la-buise.fr\/lemondedesminis\/visite-delevage\/","og_site_name":"Le Monde des Minis","article_publisher":"https:\/\/www.facebook.com\/profile.php?id=100008115105626","article_modified_time":"2024-12-07T01:31:28+00:00","og_image":[{"url":"https:\/\/elevage-de-la-buise.fr\/lemondedesminis\/wp-content\/uploads\/2024\/12\/nova-1-1-768x512.jpg","type":"","width":"","height":""}],"twitter_card":"summary_large_image","twitter_misc":{"Dur\u00e9e de lecture estim\u00e9e":"5 minutes"},"schema":{"@context":"https:\/\/schema.org","@graph":[{"@type":"WebPage","@id":"https:\/\/elevage-de-la-buise.fr\/lemondedesminis\/visite-delevage\/","url":"https:\/\/elevage-de-la-buise.fr\/lemondedesminis\/visite-delevage\/","name":"Visite d'\u00e9levage - Le Monde des Minis","isPartOf":{"@id":"https:\/\/elevage-de-la-buise.fr\/lemondedesminis\/#website"},"primaryImageOfPage":{"@id":"https:\/\/elevage-de-la-buise.fr\/lemondedesminis\/visite-delevage\/#primaryimage"},"image":{"@id":"https:\/\/elevage-de-la-buise.fr\/lemondedesminis\/visite-delevage\/#primaryimage"},"thumbnailUrl":"https:\/\/elevage-de-la-buise.fr\/lemondedesminis\/wp-content\/uploads\/2024\/12\/nova-1-1-768x512.jpg","datePublished":"2024-11-28T21:03:18+00:00","dateModified":"2024-12-07T01:31:28+00:00","breadcrumb":{"@id":"https:\/\/elevage-de-la-buise.fr\/lemondedesminis\/visite-delevage\/#breadcrumb"},"inLanguage":"fr-FR","potentialAction":[{"@type":"ReadAction","target":["https:\/\/elevage-de-la-buise.fr\/lemondedesminis\/visite-delevage\/"]}]},{"@type":"ImageObject","inLanguage":"fr-FR","@id":"https:\/\/elevage-de-la-buise.fr\/lemondedesminis\/visite-delevage\/#primaryimage","url":"https:\/\/elevage-de-la-buise.fr\/lemondedesminis\/wp-content\/uploads\/2024\/12\/nova-1-1.jpg","contentUrl":"https:\/\/elevage-de-la-buise.fr\/lemondedesminis\/wp-content\/uploads\/2024\/12\/nova-1-1.jpg","width":1600,"height":1066},{"@type":"BreadcrumbList","@id":"https:\/\/elevage-de-la-buise.fr\/lemondedesminis\/visite-delevage\/#breadcrumb","itemListElement":[{"@type":"ListItem","position":1,"name":"Home","item":"https:\/\/elevage-de-la-buise.fr\/lemondedesminis\/"},{"@type":"ListItem","position":2,"name":"Visite d&rsquo;\u00e9levage"}]},{"@type":"WebSite","@id":"https:\/\/elevage-de-la-buise.fr\/lemondedesminis\/#website","url":"https:\/\/elevage-de-la-buise.fr\/lemondedesminis\/","name":"Elevage de la Buise","description":"Le Monde des Minis","publisher":{"@id":"https:\/\/elevage-de-la-buise.fr\/lemondedesminis\/#organization"},"potentialAction":[{"@type":"SearchAction","target":{"@type":"EntryPoint","urlTemplate":"https:\/\/elevage-de-la-buise.fr\/lemondedesminis\/?s={search_term_string}"},"query-input":{"@type":"PropertyValueSpecification","valueRequired":true,"valueName":"search_term_string"}}],"inLanguage":"fr-FR"},{"@type":"Organization","@id":"https:\/\/elevage-de-la-buise.fr\/lemondedesminis\/#organization","name":"Elevage de la Buise - Miniature Horses","url":"https:\/\/elevage-de-la-buise.fr\/lemondedesminis\/","logo":{"@type":"ImageObject","inLanguage":"fr-FR","@id":"https:\/\/elevage-de-la-buise.fr\/lemondedesminis\/#\/schema\/logo\/image\/","url":"https:\/\/elevage-de-la-buise.fr\/lemondedesminis\/wp-content\/uploads\/2024\/11\/logo_minis.png","contentUrl":"https:\/\/elevage-de-la-buise.fr\/lemondedesminis\/wp-content\/uploads\/2024\/11\/logo_minis.png","width":500,"height":405,"caption":"Elevage de la Buise - Miniature Horses"},"image":{"@id":"https:\/\/elevage-de-la-buise.fr\/lemondedesminis\/#\/schema\/logo\/image\/"},"sameAs":["https:\/\/www.facebook.com\/profile.php?id=100008115105626","https:\/\/www.instagram.com\/ebftrainingcenter?utm_source=ig_web_button_share_sheet&igsh=ZDNlZDc0MzIxNw=="]}]}},"_links":{"self":[{"href":"https:\/\/elevage-de-la-buise.fr\/lemondedesminis\/wp-json\/wp\/v2\/pages\/5722","targetHints":{"allow":["GET"]}}],"collection":[{"href":"https:\/\/elevage-de-la-buise.fr\/lemondedesminis\/wp-json\/wp\/v2\/pages"}],"about":[{"href":"https:\/\/elevage-de-la-buise.fr\/lemondedesminis\/wp-json\/wp\/v2\/types\/page"}],"author":[{"embeddable":true,"href":"https:\/\/elevage-de-la-buise.fr\/lemondedesminis\/wp-json\/wp\/v2\/users\/1"}],"replies":[{"embeddable":true,"href":"https:\/\/elevage-de-la-buise.fr\/lemondedesminis\/wp-json\/wp\/v2\/comments?post=5722"}],"version-history":[{"count":23,"href":"https:\/\/elevage-de-la-buise.fr\/lemondedesminis\/wp-json\/wp\/v2\/pages\/5722\/revisions"}],"predecessor-version":[{"id":5955,"href":"https:\/\/elevage-de-la-buise.fr\/lemondedesminis\/wp-json\/wp\/v2\/pages\/5722\/revisions\/5955"}],"wp:attachment":[{"href":"https:\/\/elevage-de-la-buise.fr\/lemondedesminis\/wp-json\/wp\/v2\/media?parent=5722"}],"curies":[{"name":"wp","href":"https:\/\/api.w.org\/{rel}","templated":true}]}}